{"id":2,"date":"2016-05-10T03:48:21","date_gmt":"2016-05-10T03:48:21","guid":{"rendered":"http:\/\/10years.kallen-gartenbau.ch\/?page_id=2"},"modified":"2021-08-31T18:45:16","modified_gmt":"2021-08-31T17:45:16","slug":"sample-page","status":"publish","type":"page","link":"https:\/\/10years.kallen-gartenbau.ch\/","title":{"rendered":"Kallen Gartenbau feiert das 10 j\u00e4hrige Jubil\u00e4um"},"content":{"rendered":"\n<figure class=\"wp-block-image alignfull size-large\"><img loading=\"lazy\" width=\"1024\" height=\"187\" src=\"https:\/\/10years.kallen-gartenbau.ch\/wp-content\/uploads\/2021\/05\/kallengartenbauheader-1024x187.png\" alt=\"\" class=\"wp-image-104\" srcset=\"https:\/\/10years.kallen-gartenbau.ch\/wp-content\/uploads\/2021\/05\/kallengartenbauheader-1024x187.png 1024w, https:\/\/10years.kallen-gartenbau.ch\/wp-content\/uploads\/2021\/05\/kallengartenbauheader-300x55.png 300w, https:\/\/10years.kallen-gartenbau.ch\/wp-content\/uploads\/2021\/05\/kallengartenbauheader-768x140.png 768w, https:\/\/10years.kallen-gartenbau.ch\/wp-content\/uploads\/2021\/05\/kallengartenbauheader.png 1202w\" sizes=\"(max-width: 1024px) 100vw, 1024px\" \/><\/figure>\n\n\n\n<p class=\"has-text-align-center has-text-color has-huge-font-size\" style=\"color:#17670d\"><strong>Kallen Gartenbau feiert im 2021 sein 10-j\u00e4hriges Jubil\u00e4um<\/strong><br>Ein herzliches Dankesch\u00f6n an alle unsere Kunden<\/p>\n\n\n\n<p><\/p>\n\n\n\n<div class=\"wp-block-image\"><figure class=\"aligncenter size-large is-resized\"><a href=\"https:\/\/www.kallen-gartenbau.ch\"><img loading=\"lazy\" src=\"https:\/\/10years.kallen-gartenbau.ch\/wp-content\/uploads\/2021\/05\/logo-10-Jahre-Kallen-Gartenbau-1-1024x809.png\" alt=\"\" class=\"wp-image-18\" width=\"512\" height=\"405\" srcset=\"https:\/\/10years.kallen-gartenbau.ch\/wp-content\/uploads\/2021\/05\/logo-10-Jahre-Kallen-Gartenbau-1-1024x809.png 1024w, https:\/\/10years.kallen-gartenbau.ch\/wp-content\/uploads\/2021\/05\/logo-10-Jahre-Kallen-Gartenbau-1-300x237.png 300w, https:\/\/10years.kallen-gartenbau.ch\/wp-content\/uploads\/2021\/05\/logo-10-Jahre-Kallen-Gartenbau-1-768x607.png 768w, https:\/\/10years.kallen-gartenbau.ch\/wp-content\/uploads\/2021\/05\/logo-10-Jahre-Kallen-Gartenbau-1-1536x1214.png 1536w, https:\/\/10years.kallen-gartenbau.ch\/wp-content\/uploads\/2021\/05\/logo-10-Jahre-Kallen-Gartenbau-1-2048x1619.png 2048w\" sizes=\"(max-width: 512px) 100vw, 512px\" \/><\/a><\/figure><\/div>\n\n\n\n<h2 class=\"has-text-align-center has-text-color\" style=\"color:#17670d\"><br>Wir konnten sch\u00f6ne Preise unter den Teilnehmenden verteilen<\/h2>\n\n\n<blockquote>\n<h1><span style=\"color: #17670d;\">1. Preis war ein <strong>Gutschein<\/strong> f\u00fcr einen Helikopterrundflug im Wert von <strong>CHF 400.00<\/strong><\/span><\/h1>\n<\/blockquote>\n\n\n<div class=\"wp-block-image\"><figure class=\"aligncenter size-large is-resized\"><img loading=\"lazy\" src=\"https:\/\/10years.kallen-gartenbau.ch\/wp-content\/uploads\/2021\/05\/Gutschein-Helikopter-1024x448.png\" alt=\"\" class=\"wp-image-69\" width=\"900\" height=\"336\"\/><\/figure><\/div>\n\n\n<blockquote>\n<h1><span style=\"color: #17670d;\">2. Preis war ein <strong>Gutschein<\/strong> von Kallen Gartenbau im Wert von<strong> CHF 300.00<\/strong><\/span><\/h1>\n<\/blockquote>\n\n\n<div class=\"wp-block-image\"><figure class=\"aligncenter size-large is-resized\"><img src=\"https:\/\/10years.kallen-gartenbau.ch\/wp-content\/uploads\/2021\/05\/gutschein-kallen-1-edited.jpg\" alt=\"\" class=\"wp-image-76\" width=\"880\" srcset=\"https:\/\/10years.kallen-gartenbau.ch\/wp-content\/uploads\/2021\/05\/gutschein-kallen-1-edited.jpg 2000w, https:\/\/10years.kallen-gartenbau.ch\/wp-content\/uploads\/2021\/05\/gutschein-kallen-1-edited-300x169.jpg 300w, https:\/\/10years.kallen-gartenbau.ch\/wp-content\/uploads\/2021\/05\/gutschein-kallen-1-edited-1024x575.jpg 1024w, https:\/\/10years.kallen-gartenbau.ch\/wp-content\/uploads\/2021\/05\/gutschein-kallen-1-edited-768x432.jpg 768w, https:\/\/10years.kallen-gartenbau.ch\/wp-content\/uploads\/2021\/05\/gutschein-kallen-1-edited-1536x863.jpg 1536w\" sizes=\"(max-width: 2000px) 100vw, 2000px\" \/><\/figure><\/div>\n\n\n\n<p><\/p>\n\n\n<blockquote>\n<h1><span style=\"color: #17670d;\">3. Preis war ein <strong>Gutschein<\/strong> von Kallen Gartenbau im Wert von <strong>CHF 200.00<\/strong><\/span><\/h1>\n<\/blockquote>\n\n\n<div class=\"wp-block-image\"><figure class=\"aligncenter size-large is-resized\"><img src=\"https:\/\/10years.kallen-gartenbau.ch\/wp-content\/uploads\/2021\/05\/gutschein-kallen-1-edited.jpg\" alt=\"\" class=\"wp-image-76\" width=\"880\" srcset=\"https:\/\/10years.kallen-gartenbau.ch\/wp-content\/uploads\/2021\/05\/gutschein-kallen-1-edited.jpg 2000w, https:\/\/10years.kallen-gartenbau.ch\/wp-content\/uploads\/2021\/05\/gutschein-kallen-1-edited-300x169.jpg 300w, https:\/\/10years.kallen-gartenbau.ch\/wp-content\/uploads\/2021\/05\/gutschein-kallen-1-edited-1024x575.jpg 1024w, https:\/\/10years.kallen-gartenbau.ch\/wp-content\/uploads\/2021\/05\/gutschein-kallen-1-edited-768x432.jpg 768w, https:\/\/10years.kallen-gartenbau.ch\/wp-content\/uploads\/2021\/05\/gutschein-kallen-1-edited-1536x863.jpg 1536w\" sizes=\"(max-width: 2000px) 100vw, 2000px\" \/><\/figure><\/div>\n\n\n\n<div class=\"wp-block-cover has-background-dim\" style=\"background-color:#17670d;min-height:260px\"><div class=\"wp-block-cover__inner-container\">\n<p class=\"has-text-align-center has-large-font-size\">Das Gewinnspiel wurde geschlossen!<br><strong>Teilnahmeschluss war der 29.08.2021<\/strong><\/p>\n<\/div><\/div>\n\n\n\n<p><\/p>\n\n\n\n<div class=\"wp-block-columns\">\n<div class=\"wp-block-column\">\n<div class=\"wp-block-contact-form-7-contact-form-selector\"><div role=\"form\" class=\"wpcf7\" id=\"wpcf7-f3-o1\" lang=\"de-DE\" dir=\"ltr\">\n<div class=\"screen-reader-response\"><p role=\"status\" aria-live=\"polite\" aria-atomic=\"true\"><\/p> <ul><\/ul><\/div>\n<form action=\"\/index.php?rest_route=%2Fwp%2Fv2%2Fpages%2F2#wpcf7-f3-o1\" method=\"post\" class=\"wpcf7-form init\" novalidate=\"novalidate\" data-status=\"init\">\n<div style=\"display: none;\">\n<input type=\"hidden\" name=\"_wpcf7\" value=\"3\" \/>\n<input type=\"hidden\" name=\"_wpcf7_version\" value=\"5.4.1\" \/>\n<input type=\"hidden\" name=\"_wpcf7_locale\" value=\"de_DE\" \/>\n<input type=\"hidden\" name=\"_wpcf7_unit_tag\" value=\"wpcf7-f3-o1\" \/>\n<input type=\"hidden\" name=\"_wpcf7_container_post\" value=\"0\" \/>\n<input type=\"hidden\" name=\"_wpcf7_posted_data_hash\" value=\"\" \/>\n<\/div>\n<p><label> Dein Name<br \/>\n    <span class=\"wpcf7-form-control-wrap your-name\"><input type=\"text\" name=\"your-name\" value=\"\" size=\"40\" class=\"wpcf7-form-control wpcf7-text wpcf7-validates-as-required\" aria-required=\"true\" aria-invalid=\"false\" \/><\/span> <\/label><\/p>\n<p><label> Dein Wohnort<br \/>\n    <span class=\"wpcf7-form-control-wrap your-location\"><input type=\"text\" name=\"your-location\" value=\"\" size=\"40\" class=\"wpcf7-form-control wpcf7-text wpcf7-validates-as-required\" aria-required=\"true\" aria-invalid=\"false\" \/><\/span> <\/label><\/p>\n<p><label> Deine E-Mail-Adresse<br \/>\n    <span class=\"wpcf7-form-control-wrap your-email\"><input type=\"email\" name=\"your-email\" value=\"\" size=\"40\" class=\"wpcf7-form-control wpcf7-text wpcf7-email wpcf7-validates-as-required wpcf7-validates-as-email\" aria-required=\"true\" aria-invalid=\"false\" \/><\/span> <\/label><\/p>\n<p><span class=\"wpcf7-form-control-wrap acceptance\"><span class=\"wpcf7-form-control wpcf7-acceptance\"><span class=\"wpcf7-list-item\"><label><input type=\"checkbox\" name=\"acceptance\" value=\"1\" aria-invalid=\"false\" id=\"acceptance\" \/><span class=\"wpcf7-list-item-label\">Du musst den (*) Teilnahmebedingungen zustimmen<\/span><\/label><\/span><\/span><\/span><\/p>\n<p><input type=\"submit\" value=\"Senden\" class=\"wpcf7-form-control wpcf7-submit\" \/><\/p>\n<div class=\"wpcf7-response-output\" aria-hidden=\"true\"><\/div><\/form><\/div><\/div>\n<\/div>\n\n\n\n<div class=\"wp-block-column\">\n<p><span style=\"color: #17670d;\"><strong>(*) Teilnahmebedingungen<\/strong>:<br>Preise k\u00f6nnen nicht weitergegeben bzw. auf andere Personen \u00fcbertragen werden. Die Preise m\u00fcssen pers\u00f6nlich eingel\u00f6st werden. Wir bezahlen kein Geld aus; die Preise k\u00f6nnen nicht in Bargeld umgewandelt werden. Die Gewinner werden per Zufall \/ Gl\u00fcckslos ausgew\u00e4hlt. Die angegebenen Daten werden NICHT f\u00fcr Werbezwecke verwendet und auch NICHT an Dritte weitergegeben. Der Rechtsweg ist ausgeschlossen.<\/span><\/p>\n<\/div>\n<\/div>\n","protected":false},"excerpt":{"rendered":"<p>Kallen Gartenbau feiert im 2021 sein 10-j\u00e4hriges Jubil\u00e4umEin herzliches Dankesch\u00f6n an alle unsere Kunden Wir konnten sch\u00f6ne Preise unter den Teilnehmenden verteilen 1. Preis war ein Gutschein f\u00fcr einen Helikopterrundflug im Wert von CHF 400.00 2. Preis war ein Gutschein von Kallen Gartenbau im Wert von CHF 300.00 3. Preis war ein Gutschein von Kallen &hellip;<\/p>\n<p class=\"read-more\"> <a class=\"\" href=\"https:\/\/10years.kallen-gartenbau.ch\/\"> <span class=\"screen-reader-text\">Kallen Gartenbau feiert das 10 j\u00e4hrige Jubil\u00e4um<\/span> Weiterlesen &raquo;<\/a><\/p>\n","protected":false},"author":1,"featured_media":0,"parent":0,"menu_order":0,"comment_status":"closed","ping_status":"closed","template":"","meta":[],"_links":{"self":[{"href":"https:\/\/10years.kallen-gartenbau.ch\/index.php?rest_route=\/wp\/v2\/pages\/2"}],"collection":[{"href":"https:\/\/10years.kallen-gartenbau.ch\/index.php?rest_route=\/wp\/v2\/pages"}],"about":[{"href":"https:\/\/10years.kallen-gartenbau.ch\/index.php?rest_route=\/wp\/v2\/types\/page"}],"author":[{"embeddable":true,"href":"https:\/\/10years.kallen-gartenbau.ch\/index.php?rest_route=\/wp\/v2\/users\/1"}],"replies":[{"embeddable":true,"href":"https:\/\/10years.kallen-gartenbau.ch\/index.php?rest_route=%2Fwp%2Fv2%2Fcomments&post=2"}],"version-history":[{"count":52,"href":"https:\/\/10years.kallen-gartenbau.ch\/index.php?rest_route=\/wp\/v2\/pages\/2\/revisions"}],"predecessor-version":[{"id":123,"href":"https:\/\/10years.kallen-gartenbau.ch\/index.php?rest_route=\/wp\/v2\/pages\/2\/revisions\/123"}],"wp:attachment":[{"href":"https:\/\/10years.kallen-gartenbau.ch\/index.php?rest_route=%2Fwp%2Fv2%2Fmedia&parent=2"}],"curies":[{"name":"wp","href":"https:\/\/api.w.org\/{rel}","templated":true}]}}